040)). Calculate the greatest common divisor of i and j.
39
Let u(g) = -9*g**2 + 2*g + 204. Let z be u(0). What is the highest common divisor of 84 and z?
12
Let j be -35*(-48)/40*2/4. What is the highest common factor of 735 and j?
21
Let r = -2098 - -2102. Calculate the greatest common divisor of r and 236.
4
Let d = -66 - -27. Let t = -17 - d. Suppose 5*k - 770 = -9*k. Calculate the highest common factor of k and t.
11
Let q = 2566 - 1928. Calculate the highest common divisor of 174 and q.
58
Let r = -3321 - -3516. Calculate the highest common factor of r and 90.
15
Suppose -170 = -5*x - 4*w, w + 80 = 3*x - w. Let q(i) = 2*i**3 - 6*i**2 + i + 9. Let y be q(4). Calculate the greatest common factor of x and y.
15
Suppose 213 = 9*n - 57. Calculate the highest common divisor of n and 480.
30
Let u(i) = -i**2 + 20*i - 57. Let q be u(11). Calculate the highest common divisor of 18 and q.
6
Let v = 23 - -15. Suppose -q + v = b + 4*q, -33 = -b - 4*q. What is the greatest common divisor of b and 351?
13
Let s = -2600 + 2672. What is the highest common divisor of 27 and s?
9
Let r be ((-42)/(-343)*7)/(2/14). Let y be 3 + r/(18/69). Calculate the highest common divisor of 104 and y.
26
Let x(d) = 5*d**2 + 9*d + 8. Let h be x(-2). Calculate the greatest common divisor of h and 4.
2
Let k = 284 - 167. What is the highest common divisor of 18 and k?
9
Suppose -2*d - 4*t - 68 = 3*d, 63 = -3*d + 5*t. Let f be 5 - 7/((-28)/d). Suppose -k = -m + f - 4, 9 = -k - 5*m. What is the greatest common factor of k and 7?
1
Let i be -1 - (10 + -4)/(-1). Let d(l) = -3 - i*l + 0*l + 4 + 2*l. Let b be d(-1). What is the greatest common divisor of b and 2?
2
Suppose 8 = -4*f + 2*f. Let t be (0 + 0)/(f + 5). Suppose t*m + 84 = 3*m. Calculate the highest common factor of 14 and m.
14
Let w(i) = 92*i + 4. Let z be w(1). Suppose 4*a + 3*q - 11 = 40, -2*q - 58 = -5*a. Calculate the highest common factor of a and z.
12
Suppose -2 = s, 40 = 8*f - 7*f + s. Calculate the highest common divisor of 14 and f.
14
Let q = 3 - -18. Suppose -5*j + 5*i - 35 = 0, -2*j - 2*i = -j - 2. Let l = 11 + j. What is the highest common factor of l and q?
7
Suppose -654 = -5*f - 99. Let g = f + -101. What is the highest common factor of 10 and g?
10
Let r = 223 - 52. Let b(g) = -5*g**2 - 3*g - 2. Let m be b(-3). Let u be m/4*12/(-6). What is the highest common factor of r and u?
19
Let i = 62 + -38. Suppose 2*r - 4 = r. Let o be 7/(14/r)*6. What is the greatest common divisor of o and i?
12
Suppose -2*h + 4 - 6 = 0. Let x be (86 - 2) + (h - -1). Suppose 5*t = -7 + 67. Calculate the highest common factor of x and t.
12
Let o be -1*((6 - 3)*-5)/1. What is the highest common factor of 6 and o?
3
Suppose 0 = -2*i + 71 + 119. What is the greatest common factor of i and 76?
19
Let s = 24 + 18. Suppose s = 7*p - 4*p. Calculate the highest common divisor of 154 and p.
14
Let d(n) = 5*n + 1. Let z(p) = 2*p - 1. Let m be z(8). Let w be 10/m - (-1)/3. Let b be d(w). What is the greatest common divisor of 30 and b?
6
Suppose 0 = 27*m - 81 - 270. What is the greatest common divisor of m and 637?
13
Suppose -48*g = -850 - 2030. Calculate the greatest common factor of g and 130.
10
Let f(d) = -d**2 - 17*d - 7. Let w be f(-8). What is the greatest common factor of w and 52?
13
Let a(u) = 16*u + 8. Let c be a(5). Suppose -8 = 4*i - 40. What is the greatest common divisor of i and c?
8
Suppose 5*k + 8 + 17 = 0, -4*k = -5*i + 145. What is the highest common factor of i and 10?
5
Let q(a) = -a**3 + 16*a**2 + 31*a + 103. Let h be q(18). Calculate the greatest common divisor of h and 91.
13
Suppose -3 - 1 = -u. Let m = -1219 - -1229. Calculate the greatest common factor of m and u.
2
Let y(i) = -i**2 + 10*i + 6. Let p be y(6). Let r be (-2)/84*-6 - (-69)/7. What is the greatest common divisor of r and p?
10
Let t be -4*(-3)/(-30)*-40. Let i = 19 + -14. Suppose -2*k + 410 = i*g, -3*g + 2*g = 4*k - 100. Calculate the greatest common factor of g and t.
16
Let t = -5310 - -5321. Suppose p + 88 = 3*p. What is the highest common factor of p and t?
11
Let l(s) = 21*s**2 + 6*s + 3. Let i be l(-2). Let d(a) = -5*a. Let n be d(-10). Calculate the highest common factor of i and n.
25
Let g(c) = 2*c**2 + 6*c - 7. Let i(n) = -n**2 - 3*n + 4. Let b(w) = 4*g(w) + 7*i(w). Let t be b(5). What is the greatest common divisor of 8 and t?
8
Suppose 3*p - p - 28 = -4*u, -2*u = -2*p + 58. Let s = 227 + -227. Suppose s*t - 4*t + p = 0. Calculate the highest common factor of t and 9.
3
Let o(l) = 6*l - 20. Let p be o(6). Calculate the greatest common factor of p and 16.
16
Let z(j) = j**2 + 5*j + 1. Let h be z(-7). Suppose -5*b + h = -5. Let g(k) = -k + 5. Let n be g(4). Calculate the highest common factor of b and n.
1
Suppose 0 = -2*a - 3*y + 2, -2*a + y = 2*y - 6. Suppose -a = -5*u + 11. Suppose -8*w + u*w = -405. What is the highest common factor of w and 9?
9
Suppose 3*l = 15, 2*y + 2*l - 5*l - 39 = 0. What is the greatest common divisor of y and 297?
27
Suppose 0 = f - 2*c - 24, 140 = 4*f - 0*f + 3*c. Let u be (-6 - 0)*4*-2. Calculate the highest common factor of f and u.
16
Let t be (2 + 42)*(-2695)/(-196). What is the highest common divisor of 55 and t?
55
Let t be 51702/28 + (-9)/(-6). What is the highest common divisor of 84 and t?
84
Let d(a) = 229*a - 312. Let j be d(9). Calculate the highest common factor of j and 33.
33
Let j be 45 + (2/(-20) + 0)*-10. What is the greatest common divisor of j and 115?
23
Suppose -420 = -6*k - 167 + 419. Let u be 1/(-1) - 29*-1. Calculate the greatest common divisor of k and u.
28
Let b(y) = y + 22. Let p be b(-7). Let i = 24 - p. Calculate the greatest common factor of 81 and i.
9
Let v = 679 - 420. Calculate the greatest common divisor of v and 111.
37
Let j be (-2 + -1)*(-43 - -1). Calculate the highest common factor of j and 238.
14
Let j = 5 - 7. Let z be (264/(-77))/(j/21). Suppose -4*b - z = -2*r, -5*r + b = -2*b - 111. What is the greatest common factor of r and 192?
24
Let p = 452 - 366. What is the highest common divisor of p and 258?
86
Let q = -252 + 494. Calculate the highest common divisor of 44 and q.
22
Suppose -5*y - 8 + 58 = 0. Let t be -130*(-9 - (4 + -12 - 0)). Calculate the highest common divisor of t and y.
10
Suppose -64 = 15*i - 16*i. What is the greatest common divisor of 16 and i?
16
Suppose 0 = -5*x + 2*d + 4 - 0, 2*x - 3*d + 5 = 0. Let j be (3/x)/(2/48). Let t(c) = -12*c. Let k be t(-2). What is the greatest common factor of j and k?
12
Let r(x) = 3*x**2 + 12*x - 19. Let y be r(-8). Calculate the greatest common divisor of 11 and y.
11
Let d = -1343 - -1361. Suppose -3*n + 5*r = n - 24, 5*r = 0. What is the highest common factor of d and n?
6
Let d be (-17)/(-68) - (12620/(-16) + -3). Calculate the greatest common factor of d and 88.
88
Let b = -396 + 410. Calculate the highest common factor of b and 2.
2
Let m(w) = -17*w - 312 + 312. Let g(v) = -3*v**3 - v**2 - v + 1. Let r be g(1). Let l be m(r). Calculate the greatest common factor of l and 17.
17
Suppose 38 = 5*j + v - 0*v, 0 = -4*j - 5*v + 22. Let n = -123 + 125. Calculate the greatest common divisor of j and n.
2
Suppose 828*o - 2187 = 819*o. Calculate the highest common factor of 3 and o.
3
Let x(m) = m**3 - 5*m**2 + 1. Let p be x(5). Let a be p - 32/6*-6. Calculate the highest common factor of a and 132.
33
Let k = 62 - -57. Suppose -2 = -u, 5*x - 3*u - k = -5*u. Let d = -186 - -370. What is the highest common divisor of d and x?
23
Suppose 0 = 3*j - 4*b + 5*b - 58, 52 = 4*j - 5*b. Let r be (-12)/j - 411/(-9). What is the highest common divisor of 9 and r?
9
Let q be -3 + 633/33 - 8/44. Calculate the greatest common divisor of 4 and q.
4
Let k(n) = -268*n + 190. Let c be k(-6). What is the highest common factor of c and 62?
62
Suppose 2*n = 4*d - 116, 5*n + 2*d + 3*d = -245. Let j be n/(-16) - 1/4. Suppose 0 = l + j*l - 56. Calculate the greatest common divisor of l and 14.
14
Suppose -7*f + 2*f = -10. Let o(d) = f*d + 33 - 39 + 2*d**2 - d**2. Let u be o(-6). What is the highest common divisor of 9 and u?
9
Let i be (-39 - 5) + 3*-1. Let k = 95 + i. What is the greatest common divisor of 12 and k?
12
Let s(h) = h**3 + 11*h**2 - 14*h - 13. Suppose 92 = -5*a + 32. Let v be s(a). Let r be (-45 - -1)*(-18)/8. Calc